lculate the highest common divisor of 801559 and 11.
11
What is the highest common factor of 388101 and 105?
21
What is the highest common factor of 100402 and 238?
34
What is the greatest common divisor of 1354 and 46?
2
Calculate the greatest common divisor of 1189 and 229303.
29
Calculate the highest common factor of 119 and 482154.
17
What is the highest common factor of 616 and 96173?
77
Calculate the highest common divisor of 48976 and 5200.
16
What is the highest common divisor of 1248 and 8164?
52
Calculate the greatest common factor of 9 and 14913.
9
What is the greatest common divisor of 212 and 1143475?
53
Calculate the greatest common factor of 290900 and 200.
100
What is the highest common divisor of 18 and 53226?
18
Calculate the greatest common factor of 102 and 11698.
2
What is the greatest common factor of 114924 and 24?
12
Calculate the highest common factor of 295 and 64723.
59
Calculate the highest common divisor of 112995 and 930.
465
Calculate the greatest common divisor of 19404 and 17424.
396
What is the greatest common factor of 31866 and 7050?
282
Calculate the highest common factor of 10879 and 20339.
473
What is the highest common factor of 170879 and 97417?
1597
What is the highest common divisor of 290656 and 124?
124
Calculate the highest common divisor of 243023 and 33.
11
Calculate the greatest common divisor of 540 and 228816.
36
Calculate the greatest common factor of 53460 and 17160.
660
What is the greatest common factor of 4026 and 2806?
122
Calculate the greatest common factor of 68 and 140.
4
Calculate the highest common factor of 484157 and 61.
61
What is the greatest common factor of 27 and 17762301?
27
Calculate the greatest common divisor of 3288 and 876.
12
What is the highest common factor of 233430 and 93?
93
What is the highest common divisor of 101551 and 346?
173
Calculate the highest common divisor of 285 and 1251663.
57
Calculate the greatest common factor of 392411 and 41.
41
What is the greatest common divisor of 4387459 and 563?
563
Calculate the highest common factor of 176 and 12782.
22
Calculate the highest common divisor of 96036 and 12720.
636
What is the highest common factor of 64144 and 4864?
304
Calculate the greatest common factor of 1359 and 22779.
9
What is the greatest common divisor of 2109 and 18019?
37
What is the greatest common divisor of 235 and 290695?
235
What is the greatest common divisor of 54480 and 5902?
454
What is the highest common factor of 417 and 301491?
417
Calculate the greatest common factor of 450 and 25400.
50
What is the greatest common divisor of 197 and 806?
1
What is the greatest common factor of 1265 and 143198?
253
What is the greatest common factor of 688394 and 14?
14
Calculate the highest common factor of 1020 and 2889405.
255
What is the highest common factor of 256 and 13504?
64
What is the highest common divisor of 163797 and 1065?
213
What is the highest common factor of 112680 and 720?
360
Calculate the greatest common factor of 744 and 41292.
372
What is the highest common factor of 354 and 87674?
118
What is the greatest common factor of 1361080 and 280?
280
Calculate the highest common factor of 973 and 84373.
139
Calculate the greatest common divisor of 36 and 476829.
9
Calculate the highest common factor of 804 and 280.
4
Calculate the highest common factor of 9648 and 2211.
201
What is the greatest common factor of 168 and 18676?
28
Calculate the highest common factor of 7608 and 6023.
317
What is the highest common factor of 831304 and 8?
8
Calculate the highest common divisor of 79864 and 2831.
149
What is the highest common factor of 161 and 36731?
23
Calculate the highest common divisor of 4200 and 65030.
70
Calculate the greatest common factor of 109760 and 380.
20
What is the greatest common factor of 218396 and 284?
284
What is the highest common factor of 44 and 470569?
11
Calculate the greatest common divisor of 19 and 2725493.
19
Calculate the highest common factor of 127 and 2032.
127
What is the highest common factor of 784 and 18032?
784
Calculate the greatest common divisor of 6718 and 86.
2
What is the greatest common divisor of 4128 and 60864?
96
What is the highest common divisor of 58590 and 30870?
630
Calculate the highest common divisor of 10526 and 3878.
554
What is the greatest common factor of 3134364 and 12?
12
What is the greatest common factor of 4293 and 19080?
477
What is the highest common divisor of 135325 and 175?
25
What is the highest common factor of 135071 and 57?
19
What is the greatest common divisor of 140 and 8015?
35
Calculate the highest common divisor of 80232 and 72.
24
Calculate the highest common factor of 12430 and 2002.
22
Calculate the highest common divisor of 3415 and 10.
5
What is the greatest common factor of 3315311 and 74?
37
What is the highest common factor of 762 and 1023?
3
Calculate the highest common divisor of 212 and 76214.
106
What is the greatest common divisor of 976 and 49408?
16
Calculate the greatest common divisor of 241548 and 24.
12
What is the greatest common factor of 16032 and 240?
48
Calculate the greatest common divisor of 102128 and 208.
208
What is the highest common factor of 851 and 3811?
37
Calculate the greatest common divisor of 1744211 and 67.
67
Calculate the highest common factor of 462 and 103.
1
Calculate the greatest common factor of 646 and 4998.
34
What is the greatest common factor of 45014 and 634?
634
Calculate the highest common divisor of 130 and 72430.
10
What is the highest common factor of 2436 and 1130652?
348
Calculate the highest common divisor of 1133325 and 45.
45
Calculate the highest common factor of 5481 and 17451.
63
Calculate the greatest common factor of 2444 and 22204.
52
Calculate the greatest common factor of 136 and 12032.
8
Calculate the greatest common factor of 1760 and 264440.
440
What is the highest common divisor of 52809 and 5?
1
What is the highest common divisor of 331804 and 1364?
44
What is the greatest common factor of 8357 and 6439?
137
Calculate the highest common factor of 480 and 25040.
80
Calculate the greatest common divisor of 7097 and 23453.
47
Calculate the highest common factor of 11468 and 55754.
122
Calculate the highest common divisor of 281875 and 225.
25
Calculate the greatest common factor of 3173 and 37909.
167
Calculate the highest common divisor of 7 and 3388987.
7
Calculate the greatest common divisor of 27 and 963.
9
What is the highest common divisor of 538920 and 40?
40
What is the highest common divisor of 17 and 544221?
17
Calculate the greatest common factor of 7520 and 429280.
160
Calculate the greatest common factor of 2719 and 9.
1
What is the highest common factor of 2598 and 1011488?
866
What is the greatest common factor of 162 and 19056?
6
Calculate the highest common divisor of 28 and 10444.
28
What is the greatest common factor of 344 and 21629?
43
What is the highest common factor of 183336 and 120?
24
Calculate the greatest common factor of 1984 and 72.
8
Calculate the highest common factor of 2775153 and 6.
3
Calculate the greatest common divisor of 1048776 and 66216.
2136
What is the highest common factor of 93696 and 366?
366
What is the highest common factor of 33746 and 2726?
94
Calculate the greatest common divisor of 54435 and 15.
15
What is the highest common divisor of 510 and 617865?
255
What is the highest common divisor of 445553 and 17?
17
What is the greatest common factor of 29532 and 15180?
276
What is the highest common factor of 715 and 8710?
65
What is the highest common factor of 346 and 412?
2
Calculate the greatest common factor of 3456 and 68580.
108
What is the highest common divisor of 1489750 and 250?
250
Calculate the greatest common factor of 318804 and 558.
186
What is the greatest common factor of 2527493 and 253?
23
What is the greatest common factor of 8335 and 23?
1
What is the greatest common factor of 20 and 66120?
20
Calculate the greatest common divisor of 6435 and 1089.
99
Calculate the greatest common factor of 1040916 and 24.
12
Calculate the greatest common factor of 19758 and 6.
6
Calculate the highest common divisor of 96 and 94368.
96
Calculate the highest common divisor of 14 and 37356.
2
What is the highest common divisor o